rs of 3841?
23, 167
What are the prime factors of 2483?
13, 191
List the prime factors of 2484.
2, 3, 23
List the prime factors of 199.
199
List the prime factors of 1361.
1361
What are the prime factors of 20?
2, 5
What are the prime factors of 732?
2, 3, 61
List the prime factors of 7493.
59, 127
What are the prime factors of 3157?
7, 11, 41
List the prime factors of 4503.
3, 19, 79
List the prime factors of 80239.
80239
List the prime factors of 17521.
7, 2503
What are the prime factors of 6492?
2, 3, 541
List the prime factors of 2944.
2, 23
List the prime factors of 1656.
2, 3, 23
List the prime factors of 9646.
2, 7, 13, 53
What are the prime factors of 321?
3, 107
What are the prime factors of 1175?
5, 47
List the prime factors of 1404.
2, 3, 13
What are the prime factors of 7504?
2, 7, 67
List the prime factors of 4164.
2, 3, 347
What are the prime factors of 1484?
2, 7, 53
What are the prime factors of 6724?
2, 41
List the prime factors of 1126.
2, 563
What are the prime factors of 6541?
31, 211
List the prime factors of 537.
3, 179
List the prime factors of 3504.
2, 3, 73
What are the prime factors of 141449?
7, 11, 167
List the prime factors of 855.
3, 5, 19
List the prime factors of 10962.
2, 3, 7, 29
What are the prime factors of 74591?
11, 6781
What are the prime factors of 113753?
19, 5987
List the prime factors of 4176.
2, 3, 29
What are the prime factors of 104940?
2, 3, 5, 11, 53
List the prime factors of 3229.
3229
What are the prime factors of 76833?
3, 8537
What are the prime factors of 7793?
7793
What are the prime factors of 35398?
2, 11, 1609
What are the prime factors of 11094?
2, 3, 43
List the prime factors of 1052.
2, 263
List the prime factors of 1114.
2, 557
What are the prime factors of 1361?
1361
List the prime factors of 118266.
2, 3, 23, 857
List the prime factors of 8319.
3, 47, 59
List the prime factors of 66019.
107, 617
List the prime factors of 37142.
2, 7, 379
What are the prime factors of 37214?
2, 23, 809
List the prime factors of 6803.
6803
What are the prime factors of 12300?
2, 3, 5, 41
What are the prime factors of 23656?
2, 2957
List the prime factors of 556.
2, 139
List the prime factors of 27520.
2, 5, 43
List the prime factors of 8609.
8609
List the prime factors of 5007.
3, 1669
What are the prime factors of 12689?
12689
What are the prime factors of 2717?
11, 13, 19
List the prime factors of 44549.
44549
List the prime factors of 6149.
11, 13, 43
What are the prime factors of 31189?
31189
What are the prime factors of 17604?
2, 3, 163
List the prime factors of 11334.
2, 3, 1889
What are the prime factors of 53231?
53231
What are the prime factors of 19901?
7, 2843
List the prime factors of 4107.
3, 37
List the prime factors of 12413.
12413
List the prime factors of 1616.
2, 101
What are the prime factors of 95377?
127, 751
List the prime factors of 4440.
2, 3, 5, 37
What are the prime factors of 3063?
3, 1021
What are the prime factors of 3764?
2, 941
List the prime factors of 1623.
3, 541
What are the prime factors of 2281?
2281
What are the prime factors of 13859?
13859
What are the prime factors of 19861?
19861
What are the prime factors of 1108?
2, 277
List the prime factors of 56439.
3, 6271
List the prime factors of 49197.
3, 23, 31
What are the prime factors of 126?
2, 3, 7
What are the prime factors of 693?
3, 7, 11
List the prime factors of 7912.
2, 23, 43
List the prime factors of 314.
2, 157
List the prime factors of 1033.
1033
List the prime factors of 242.
2, 11
What are the prime factors of 100804?
2, 11, 29, 79
What are the prime factors of 58972?
2, 23, 641
List the prime factors of 2776.
2, 347
What are the prime factors of 452?
2, 113
List the prime factors of 52373.
83, 631
What are the prime factors of 1540?
2, 5, 7, 11
List the prime factors of 408.
2, 3, 17
What are the prime factors of 4912?
2, 307
List the prime factors of 36964.
2, 9241
List the prime factors of 74163.
3, 59, 419
List the prime factors of 30639.
3, 7, 1459
List the prime factors of 2066.
2, 1033
What are the prime factors of 9059?
9059
What are the prime factors of 1725?
3, 5, 23
List the prime factors of 637.
7, 13
What are the prime factors of 2566?
2, 1283
What are the prime factors of 66583?
11, 6053
What are the prime factors of 16197?
3, 5399
What are the prime factors of 245?
5, 7
What are the prime factors of 2886?
2, 3, 13, 37
What are the prime factors of 881?
881
List the prime factors of 8830.
2, 5, 883
List the prime factors of 2325.
3, 5, 31
List the prime factors of 4519.
4519
List the prime factors of 7375.
5, 59
What are the prime factors of 12604?
2, 23, 137
List the prime factors of 87.
3, 29
What are the prime factors of 1073?
29, 37
List the prime factors of 7325.
5, 293
List the prime factors of 13073.
17, 769
What are the prime factors of 17881?
17881
What are the prime factors of 3131?
31, 101
List the prime factors of 3827.
43, 89
What are the prime factors of 29002?
2, 17, 853
List the prime factors of 884.
2, 13, 17
What are the prime factors of 19697?
19697
List the prime factors of 457.
457
What are the prime factors of 399?
3, 7, 19
What are the prime factors of 3065?
5, 613
What are the prime factors of 88778?
2, 44389
What are the prime factors of 34461?
3, 7, 547
List the prime factors of 1154.
2, 577
List the prime factors of 4626.
2, 3, 257
What are the prime factors of 3037?
3037
What are the prime factors of 3400?
2, 5, 17
List the prime factors of 392.
2, 7
List the prime factors of 4994.
2, 11, 227
What are the prime factors of 5893?
71, 83
List the prime factors of 22116.
2, 3, 19, 97
List the prime factors of 116020.
2, 5, 5801
List the prime factors of 979.
11, 89
What are the prime factors of 4294?
2, 19, 113
What are the prime factors of 1967?
7, 281
What are the prime factors of 4006?
2, 2003
List the prime factors of 50172.
2, 3, 37, 113
List the prime factors of 25698.
2, 3, 4283
List the prime factors of 9422.
2, 7, 673
List the prime factors of 479.
479
What are the prime factors of 341?
11, 31
What are the prime factors of 1199?
11, 109
List the prime factors of 15774.
2, 3, 11, 239
What are the prime factors of 18594?
2, 3, 1033
List the prime factors of 147560.
2, 5, 7, 17, 31
What are the prime factors of 7682?
2, 23, 167
What are the prime factors of 5360?
2, 5, 67
List the prime factors of 46107.
3, 47, 109
What are the prime factors of 21494?
2, 11, 977
List the prime factors of 21949.
47, 467
List the prime factors of 16854.
2, 3, 53
List the prime factors of 147237.
3, 17, 2887
List the prime factors of 4359.
3, 1453
List the prime factors of 9997.
13, 769
What are the prime factors of 9479?
9479
What are the prime factors of 2142?
2, 3, 7, 17
What are the prime factors of 487?
487
What are the prime factors of 86081?
59, 1459
What are the prime factors of 627?
3, 11, 19
List the prime factors of 4246.
2, 11, 193
What are the prime factors of 7311?
3, 2437
What are the prime factors of 1835?
5, 367
What are the prime factors of 29344?
2, 7, 131
What are the prime factors of 379?
379
List the prime factors of 34123.
34123
What are the prime factors of 4808?
2, 601
List the prime factors of 46896.
2, 3, 977
What are the prime factors of 245?
5, 7
List the prime factors of 62688.
2, 3, 653
What are the prime factors of 2112?
2, 3, 11
What are the prime factors of 1480?
2, 5, 37
What are the prime factors of 3287?
19, 173
What are the prime factors of 118434?
2, 3, 19739
List the prime factors of 2039.
2039
What are the prime factors of 55618?
2, 27809
What are the prime factors of 6340?
2, 5, 317
List the prime factors of 17069.
13, 101
List the prime factors of 2975.
5, 7, 17
What are the prime factors of 162116?
2, 40529
List the prime factors of 1021.
1021
What are the prime factors of 2649?
3, 883
What are the prime factors of 31080?
2, 3, 5, 7, 37
What are the prime factors of 63682?
2, 17, 1873
List the prime factors of 6022.
2, 3011
What are the prime factors of 89253?
3, 47, 211
List the prime factors of 34149.
3, 11383
What are the prime factors of 1655?
5, 331
What are the prime factors of 85761?
3, 13, 733
List the prime factors of 45678.
2, 3, 23, 331
What are the prime factors of 68024?
2, 11, 773
List the prime factors of 21250.